t is the tens digit of 3615106910?
1
What is the hundreds digit of 1215036525?
5
What is the thousands digit of 532351089?
1
What is the ten thousands digit of 1700169869?
6
What is the thousands digit of 623839960?
9
What is the hundreds digit of 75278512?
5
What is the hundred thousands digit of 3091798?
0
What is the ten millions digit of 4268506932?
6
What is the thousands digit of 126601071?
1
What is the ten millions digit of 47730830?
4
What is the hundred thousands digit of 8385287?
3
What is the units digit of 1162909996?
6
What is the units digit of 26793974?
4
What is the ten thousands digit of 53880112?
8
What is the thousands digit of 261958710?
8
What is the hundred thousands digit of 47610741?
6
What is the hundred thousands digit of 3021053529?
0
What is the tens digit of 648710192?
9
What is the thousands digit of 1437170523?
0
What is the tens digit of 1912398986?
8
What is the ten thousands digit of 58032081?
3
What is the hundred thousands digit of 12933211?
9
What is the millions digit of 6725201197?
5
What is the hundred thousands digit of 159777213?
7
What is the millions digit of 461644678?
1
What is the ten millions digit of 356796871?
5
What is the hundreds digit of 25559249?
2
What is the hundred thousands digit of 688322606?
3
What is the thousands digit of 211519275?
9
What is the hundred thousands digit of 1024562765?
5
What is the units digit of 46478970?
0
What is the ten thousands digit of 169508471?
0
What is the hundreds digit of 1512831425?
4
What is the billions digit of 8469625245?
8
What is the ten thousands digit of 538019060?
1
What is the units digit of 3205554?
4
What is the tens digit of 37755569?
6
What is the units digit of 652299933?
3
What is the hundred millions digit of 4032911912?
0
What is the ten millions digit of 97842780?
9
What is the ten thousands digit of 4617630048?
3
What is the ten millions digit of 438362485?
3
What is the units digit of 77569428?
8
What is the hundreds digit of 325217946?
9
What is the ten millions digit of 1463736800?
6
What is the thousands digit of 5462024?
2
What is the units digit of 457937053?
3
What is the millions digit of 4154827?
4
What is the hundreds digit of 454421376?
3
What is the thousands digit of 3283884420?
4
What is the hundred millions digit of 116796394?
1
What is the hundred thousands digit of 124284651?
2
What is the ten millions digit of 902511777?
0
What is the thousands digit of 81251990?
1
What is the ten millions digit of 321640991?
2
What is the millions digit of 268029549?
8
What is the hundreds digit of 114085564?
5
What is the hundred millions digit of 3814800434?
8
What is the tens digit of 8539964600?
0
What is the ten thousands digit of 4899883259?
8
What is the hundred millions digit of 272271051?
2
What is the tens digit of 2249133029?
2
What is the thousands digit of 84738813?
8
What is the hundred thousands digit of 2087127070?
1
What is the units digit of 1702237236?
6
What is the tens digit of 65951586?
8
What is the units digit of 1049252382?
2
What is the tens digit of 5081788?
8
What is the millions digit of 71465533?
1
What is the tens digit of 4306830065?
6
What is the ten millions digit of 696531461?
9
What is the thousands digit of 23237194?
7
What is the thousands digit of 937027886?
7
What is the ten millions digit of 77824204?
7
What is the hundred millions digit of 384302620?
3
What is the hundred thousands digit of 20954632?
9
What is the tens digit of 266204664?
6
What is the units digit of 75034375?
5
What is the hundred millions digit of 123149763?
1
What is the units digit of 799358281?
1
What is the ten millions digit of 192966790?
9
What is the units digit of 212764038?
8
What is the ten millions digit of 233616301?
3
What is the ten millions digit of 35955286?
3
What is the ten millions digit of 2841748479?
4
What is the hundreds digit of 67527674?
6
What is the ten thousands digit of 425451105?
5
What is the hundred millions digit of 2662065449?
6
What is the hundred thousands digit of 32356156?
3
What is the thousands digit of 1938813526?
3
What is the hundred thousands digit of 373685843?
6
What is the thousands digit of 78969310?
9
What is the ten thousands digit of 99546?
9
What is the units digit of 2612690184?
4
What is the millions digit of 106965304?
6
What is the ten millions digit of 43340052?
4
What is the thousands digit of 52073778?
3
What is the hundred thousands digit of 22586201?
5
What is the tens digit of 27869046?
4
What is the hundred thousands digit of 19976738?
9
What is the millions digit of 61866548?
1
What is the units digit of 1160697559?
9
What is the billions digit of 1306076224?
1
What is the ten thousands digit of 5538007?
3
What is the tens digit of 103368023?
2
What is the billions digit of 1810541259?
1
What is the tens digit of 153981701?
0
What is the tens digit of 15451349?
4
What is the hundred millions digit of 845569182?
8
What is the ten millions digit of 1388983017?
8
What is the hundred thousands digit of 163237669?
2
What is the tens digit of 1291061813?
1
What is the thousands digit of 31405562?
5
What is the units digit of 1117799937?
7
What is the units digit of 3134430013?
3
What is the units digit of 373821836?
6
What is the ten thousands digit of 230459078?
5
What is the millions digit of 42502461?
2
What is the ten millions digit of 1153547303?
5
What is the thousands digit of 769687600?
7
What is the hundred millions digit of 4334595609?
3
What is the tens digit of 314276503?
0
What is the ten millions digit of 56197910?
5
What is the hundred millions digit of 5081354451?
0
What is the hundreds digit of 37353102?
1
What is the units digit of 84110168?
8
What is the millions digit of 100435158?
0
What is the ten millions digit of 259534144?
5
What is the hundred millions digit of 291441724?
2
What is the ten millions digit of 38566580?
3
What is the ten millions digit of 49073697?
4
What is the hundred thousands digit of 92227628?
2
What is the thousands digit of 36479664?
9
What is the units digit of 1644713434?
4
What is the units digit of 1268082049?
9
What is the billions digit of 6348960206?
6
What is the hundreds digit of 8077463?
4
What is the tens digit of 52560213?
1
What is the ten millions digit of 248080489?
4
What is the billions digit of 7097330989?
7
What is the ten thousands digit of 4929024201?
2
What is the ten millions digit of 238965851?
3
What is the ten millions digit of 1386304552?
8
What is the tens digit of 73997442?
4
What is the millions digit of 33125281?
3
What is the hundreds digit of 260821181?
1
What is the thousands digit of 61633781?
3
What is the millions digit of 1116087923?
6
What is the thousands digit of 43703222?
3
What is the ten thousands digit of 204347824?
4
What is the hundred thousands digit of 115707302?
7
What is the units digit of 260312563?
3
What is the units digit of 544641333?
3
What is the ten thousands digit of 246110130?
1
What is the hundreds digit of 168521924?
9
What is the thousands digit of 23135774?
5
What is the thousands digit of 208154121?
4
What is the tens digit of 22144773?
7
What is the units digit of 269810323?
3
What is the millions digit of 343829589?
3
What is the tens digit of 890793480?
8
What is the billions digit of 3124806937?
3
What is the hundred millions digit of 192750952?
1
What is the hundred thousands digit of 8489647005?
6
What is the tens digit of 47255220?
2
What is the tens digit of 769588569?
6
What is the hundred thousands digit of 559552065?
5
What is the ten thousands digit of 6044154263?
5
What is the hundred millions digit of 280510025?
2
What is the hundreds digit of 47935470?
4
What is the hundred millions digit of 302543342?
3
What is the hundred millions digit of 535860761?
5
What is the units digit of 10789319?
9
What is the tens digit of 22817501?
0
What is the hundred thousands digit of 131337645?
3
What is the millions digit of 38691823?
8
What is the hundred thousands digit of 1596134424?
1
What is the millions digit of 154725638?
4
What is the millions digit of 103818412?
3
What is the thousands digit of 10285059?
5
What is the hundred millions digit of 127819987?
1
What is the units digit of 74957391?
1
What is the millions digit of 26869343?
6
W